{"id":1149,"date":"2024-10-09T11:50:46","date_gmt":"2024-10-09T17:50:46","guid":{"rendered":"https:\/\/redzibata.org\/?page_id=1149"},"modified":"2024-10-09T12:31:13","modified_gmt":"2024-10-09T18:31:13","slug":"que-es-la-rccz-y-que-no-es","status":"publish","type":"page","link":"https:\/\/redzibata.org\/index.php\/que-es-la-rccz-y-que-no-es\/","title":{"rendered":"Qu\u00e9 somos y qu\u00e9 no somos"},"content":{"rendered":"\n<p><strong>Qu\u00e9 es lo que<\/strong><strong>&nbsp;S\u00cd<\/strong><strong>&nbsp;somos&#8230;<\/strong><strong><\/strong><\/p>\n\n\n\n<p>Somos un colectivo&nbsp;<strong>independiente<\/strong>&nbsp;de residentes zibatenses&nbsp;<strong>voluntarios<\/strong>, a quienes nos une el inter\u00e9s genuino de: 1) preservar los atributos de nuestra colonia, para mantener una plusval\u00eda alta; 2) atenuar al m\u00e1ximo los riesgos de inseguridad que pudieran da\u00f1ar a nuestras familias o patrimonios, y; 3) contribuir al desarrollo de una conciencia ciudadana de participaci\u00f3n, colaboraci\u00f3n y respeto, para generar una convivencia vecinal sana. Somos un colectivo convencido de que cualquier tarea enfocada hacia estos intereses, aportar\u00e1 bienestar y calidad a nuestra vida. Asimismo, somos un colectivo a favor del orden y el respeto, por lo que trabajamos buscando di\u00e1logo, consenso y buen entendimiento.<\/p>\n\n\n\n<p><strong>Qu\u00e9 es lo que<\/strong>&nbsp;<strong>NO<\/strong>&nbsp;<strong>somos&#8230;<\/strong><\/p>\n\n\n\n<p><strong>NO\u00a0<\/strong>somos una entidad dependiente de autoridades gubernamentales o partidos pol\u00edticos.\u00a0<strong>NO<\/strong>\u00a0defendemos ninguna ideolog\u00eda pol\u00edtica o doctrina religiosa, por lo que tampoco hacemos proselitismo de ning\u00fan tipo.\u00a0<strong>NO<\/strong> somos una empresa, por lo que no buscamos lucrar con la ciudadan\u00eda de ninguna manera, ni tampoco competir por mercado alguno.\u00a0<strong>NO<\/strong>\u00a0tenemos ninguna relaci\u00f3n contractual con el desarrollador Supraterra, por lo que tampoco realizamos ninguna tarea para dicha empresa.\u00a0<strong>NO<\/strong>\u00a0somos -mucho menos- un grupo de choque, por lo que tampoco convocamos a des\u00f3rdenes c\u00edvicos y reaccionarios, ni mucho menos promovemos mensajes de odio o divisi\u00f3n en redes sociales.\u00a0\u00a0\u00a0<\/p>\n","protected":false},"excerpt":{"rendered":"<p>Qu&eacute; es lo que&nbsp;S&Iacute;&nbsp;somos&hellip; Somos un colectivo&nbsp;independiente&nbsp;de residentes zibatenses&nbsp;voluntarios, a quienes nos une el inter&eacute;s genuino de: 1) preservar los atributos de nuestra colonia, para mantener una plusval&iacute;a alta; 2) &hellip; <\/p>\n<p class=\"link-more\"><a href=\"https:\/\/redzibata.org\/index.php\/que-es-la-rccz-y-que-no-es\/\" class=\"more-link\">Leer m\u00e1s<span class=\"screen-reader-text\"> \u00abQu\u00e9 somos y qu\u00e9 no somos\u00bb<\/span><\/a><\/p>\n","protected":false},"author":8,"featured_media":1156,"parent":0,"menu_order":0,"comment_status":"closed","ping_status":"closed","template":"","meta":{"footnotes":""},"class_list":["post-1149","page","type-page","status-publish","has-post-thumbnail","hentry"],"_links":{"self":[{"href":"https:\/\/redzibata.org\/index.php\/wp-json\/wp\/v2\/pages\/1149","targetHints":{"allow":["GET"]}}],"collection":[{"href":"https:\/\/redzibata.org\/index.php\/wp-json\/wp\/v2\/pages"}],"about":[{"href":"https:\/\/redzibata.org\/index.php\/wp-json\/wp\/v2\/types\/page"}],"author":[{"embeddable":true,"href":"https:\/\/redzibata.org\/index.php\/wp-json\/wp\/v2\/users\/8"}],"replies":[{"embeddable":true,"href":"https:\/\/redzibata.org\/index.php\/wp-json\/wp\/v2\/comments?post=1149"}],"version-history":[{"count":4,"href":"https:\/\/redzibata.org\/index.php\/wp-json\/wp\/v2\/pages\/1149\/revisions"}],"predecessor-version":[{"id":1155,"href":"https:\/\/redzibata.org\/index.php\/wp-json\/wp\/v2\/pages\/1149\/revisions\/1155"}],"wp:featuredmedia":[{"embeddable":true,"href":"https:\/\/redzibata.org\/index.php\/wp-json\/wp\/v2\/media\/1156"}],"wp:attachment":[{"href":"https:\/\/redzibata.org\/index.php\/wp-json\/wp\/v2\/media?parent=1149"}],"curies":[{"name":"wp","href":"https:\/\/api.w.org\/{rel}","templated":true}]}}